{"id":2136,"date":"2019-03-23T11:46:01","date_gmt":"2019-03-23T11:46:01","guid":{"rendered":"https:\/\/demo.gloriathemes.com\/arven\/light-demo\/?page_id=2136"},"modified":"2020-06-15T11:20:24","modified_gmt":"2020-06-15T09:20:24","slug":"contact","status":"publish","type":"page","link":"https:\/\/www.visual-photographie.fr\/index.php\/contact\/","title":{"rendered":"Contact"},"content":{"rendered":"<div class=\"vc_row wpb_row vc_row-fluid gt-background-position-initial gt-background-attachment-initial\"><div class=\"wpb_column vc_column_container vc_col-sm-12 vc_col-lg-1\/5 vc_col-md-1\/5 vc_col-xs-12\"><div class=\"vc_column-inner\"><div class=\"wpb_wrapper\"><\/div><\/div><\/div><div class=\"wpb_column vc_column_container vc_col-sm-12 vc_col-lg-3\/5 vc_col-md-3\/5 vc_col-xs-12\"><div class=\"vc_column-inner\"><div class=\"wpb_wrapper\"><div class=\"vc_empty_space\"   style=\"height: 85px\"><span class=\"vc_empty_space_inner\"><\/span><\/div><div class=\"gt-page-title gt-dark gt-center\"><h1>Contactez nous<\/h1><p class=\"lead\">Venez nous rencontrez !<\/p><\/div><div class=\"vc_empty_space\"   style=\"height: 45px\"><span class=\"vc_empty_space_inner\"><\/span><\/div><\/div><\/div><\/div><div class=\"wpb_column vc_column_container vc_col-sm-12 vc_col-lg-1\/5 vc_col-md-1\/5 vc_col-xs-12\"><div class=\"vc_column-inner\"><div class=\"wpb_wrapper\"><\/div><\/div><\/div><\/div><div class=\"vc_row wpb_row vc_row-fluid vc_column-gap-20 gt-background-position-initial gt-background-attachment-initial\"><div class=\"wpb_column vc_column_container vc_col-sm-6\"><div class=\"vc_column-inner\"><div class=\"wpb_wrapper\"><div class=\"vc_empty_space\"   style=\"height: 35px\"><span class=\"vc_empty_space_inner\"><\/span><\/div>\n<div class=\"wpcf7 no-js\" id=\"wpcf7-f22-o1\" lang=\"fr-FR\" dir=\"ltr\">\n<div class=\"screen-reader-response\"><p role=\"status\" aria-live=\"polite\" aria-atomic=\"true\"><\/p> <ul><\/ul><\/div>\n<form action=\"\/index.php\/wp-json\/wp\/v2\/pages\/2136#wpcf7-f22-o1\" method=\"post\" class=\"wpcf7-form init\" aria-label=\"Formulaire de contact\" novalidate=\"novalidate\" data-status=\"init\">\n<div style=\"display: none;\">\n<input type=\"hidden\" name=\"_wpcf7\" value=\"22\" \/>\n<input type=\"hidden\" name=\"_wpcf7_version\" value=\"5.9.8\" \/>\n<input type=\"hidden\" name=\"_wpcf7_locale\" value=\"fr_FR\" \/>\n<input type=\"hidden\" name=\"_wpcf7_unit_tag\" value=\"wpcf7-f22-o1\" \/>\n<input type=\"hidden\" name=\"_wpcf7_container_post\" value=\"0\" \/>\n<input type=\"hidden\" name=\"_wpcf7_posted_data_hash\" value=\"\" \/>\n<input type=\"hidden\" name=\"_wpcf7_recaptcha_response\" value=\"\" \/>\n<\/div>\n<p><label> Votre Nom (obligatoire)<br \/>\n<span class=\"wpcf7-form-control-wrap\" data-name=\"your-name\"><input size=\"40\" maxlength=\"400\" class=\"wpcf7-form-control wpcf7-text wpcf7-validates-as-required\" aria-required=\"true\" aria-invalid=\"false\" value=\"\" type=\"text\" name=\"your-name\" \/><\/span> <\/label>\n<\/p>\n<p><label> Votre Email (obligatoire)<br \/>\n<span class=\"wpcf7-form-control-wrap\" data-name=\"your-email\"><input size=\"40\" maxlength=\"400\" class=\"wpcf7-form-control wpcf7-email wpcf7-validates-as-required wpcf7-text wpcf7-validates-as-email\" aria-required=\"true\" aria-invalid=\"false\" value=\"\" type=\"email\" name=\"your-email\" \/><\/span> <\/label>\n<\/p>\n<p><Label> Votre t\u00e9l\u00e9phone (obligatoire)<br \/>\n<span class=\"wpcf7-form-control-wrap\" data-name=\"tel\"><input size=\"40\" maxlength=\"400\" class=\"wpcf7-form-control wpcf7-tel wpcf7-validates-as-required wpcf7-text wpcf7-validates-as-tel\" aria-required=\"true\" aria-invalid=\"false\" value=\"\" type=\"tel\" name=\"tel\" \/><\/span> <\/label>\n<\/p>\n<p><label> Sujet<br \/>\n<span class=\"wpcf7-form-control-wrap\" data-name=\"your-subject\"><input size=\"40\" maxlength=\"400\" class=\"wpcf7-form-control wpcf7-text\" aria-invalid=\"false\" value=\"\" type=\"text\" name=\"your-subject\" \/><\/span> <\/label>\n<\/p>\n<p><label> Votre Message<br \/>\n<span class=\"wpcf7-form-control-wrap\" data-name=\"your-message\"><textarea cols=\"40\" rows=\"10\" maxlength=\"2000\" class=\"wpcf7-form-control wpcf7-textarea\" aria-invalid=\"false\" name=\"your-message\"><\/textarea><\/span> <\/label>\n<\/p>\n<p><input class=\"wpcf7-form-control wpcf7-submit has-spinner\" type=\"submit\" value=\"Envoyer\" \/>\n<\/p><div class=\"wpcf7-response-output\" aria-hidden=\"true\"><\/div>\n<\/form>\n<\/div>\n<div class=\"vc_empty_space\"   style=\"height: 35px\"><span class=\"vc_empty_space_inner\"><\/span><\/div><\/div><\/div><\/div><div class=\"wpb_column vc_column_container vc_col-sm-6\"><div class=\"vc_column-inner\"><div class=\"wpb_wrapper\"><div class=\"gt-contact-box gt-light gt-left\"><address><\/p>\n<h3>Visual Photographie<\/h3>\n<p>+33 (0)6 85 44 71 13<\/p>\n<p>Si\u00e8ge de la soci\u00e9t\u00e9 : 67120 ERNOLSHEIM SUR BRUCHE<br \/>\nStudio : 67310 WASSELONNE<\/p>\n<\/address><p class=\"small\">Appelez nous, nous nous engageons \u00e0 vous r\u00e9pondre sous 48h.<\/p><p class=\"small\">Nous sommes ouvert du Mardi au Samedi, de 9h00 \u00e0 18h00<\/p><div class=\"gt-line gt-line--short\"><\/div><ul class=\"gt-social-list gt-light gt-social-list--md\"><li><a href=\"https:\/\/www.facebook.com\/gloriathemes\/\" title=\"Facebook\" target=\"_blank\" class=\"gt-social--facebook\" rel=\"noopener\"><i class=\"fab fa-facebook-f\"><\/i><\/a><\/li><li><a href=\"https:\/\/twitter.com\/GloriaThemes\" title=\"Twitter\" target=\"_blank\" class=\"gt-social--twitter\" rel=\"noopener\"><i class=\"fab fa-twitter\"><\/i><\/a><\/li><li><a href=\"https:\/\/www.instagram.com\/gloriathemes\/\" title=\"Instagram\" target=\"_blank\" class=\"gt-social--instagram\" rel=\"noopener\"><i class=\"fab fa-instagram\"><\/i><\/a><\/li><li><a href=\"https:\/\/www.youtube.com\/channel\/UCQ33nDAYSrv_IdPH71q33iQ\" title=\"YouTube\" target=\"_blank\" class=\"gt-social--youtube\" rel=\"noopener\"><i class=\"fab fa-youtube\"><\/i><\/a><\/li><li><a href=\"https:\/\/tr.pinterest.com\/gloriathemes\/\" title=\"Pinterest\" target=\"_blank\" class=\"gt-social--pinterest\" rel=\"noopener\"><i class=\"fab fa-pinterest-p\"><\/i><\/a><\/li><\/ul><\/div><div class=\"vc_empty_space\"   style=\"height: 25px\"><span class=\"vc_empty_space_inner\"><\/span><\/div><div class=\"wpb_gmaps_widget wpb_content_element\"><div class=\"wpb_wrapper\"><div class=\"wpb_map_wraper\"><iframe loading=\"lazy\" src=\"https:\/\/www.google.com\/maps\/embed?pb=!1m14!1m12!1m3!1d69956.86820385873!2d7.564308313914908!3d48.58825994954358!2m3!1f0!2f0!3f0!3m2!1i1024!2i768!4f13.1!5e0!3m2!1sfr!2sfr!4v1575229726961!5m2!1sfr!2sfr\" width=\"650\" height=\"460\" frameborder=\"0\" style=\"border:0;\" allowfullscreen=\"\"><\/iframe><\/div><\/div><\/div><\/div><\/div><\/div><\/div><div data-vc-full-width=\"true\" data-vc-full-width-init=\"false\" data-vc-stretch-content=\"true\" class=\"vc_row wpb_row vc_row-fluid gt-background-position-initial gt-background-attachment-initial vc_row-no-padding\"><div class=\"wpb_column vc_column_container vc_col-sm-12 vc_col-lg-12 vc_col-md-6\"><div class=\"vc_column-inner\"><div class=\"wpb_wrapper\">\n\t<div  class=\"wpb_single_image wpb_content_element vc_align_center\">\n\t\t\n\t\t<figure class=\"wpb_wrapper vc_figure\">\n\t\t\t<div class=\"vc_single_image-wrapper vc_box_shadow  vc_box_border_grey\"><img loading=\"lazy\" decoding=\"async\" class=\"vc_single_image-img \" src=\"https:\/\/www.visual-photographie.fr\/wp-content\/uploads\/2019\/12\/Alexbag2-533x533.jpg\" width=\"533\" height=\"533\" alt=\"Alexbag2\" title=\"Alexbag2\" \/><\/div>\n\t\t<\/figure>\n\t<\/div>\n<\/div><\/div><\/div><\/div><div class=\"vc_row-full-width vc_clearfix\"><\/div><div class=\"vc_row wpb_row vc_row-fluid gt-background-position-initial gt-background-attachment-initial\"><div class=\"wpb_column vc_column_container vc_col-sm-12\"><div class=\"vc_column-inner\"><div class=\"wpb_wrapper\"><div class=\"gt-page-title gt-dark gt-center\"><h1>Nos R\u00e9f\u00e9rences<\/h1><\/div><div class=\"vc_row wpb_row vc_inner vc_row-fluid\"><div class=\"wpb_column vc_column_container vc_col-sm-3 vc_col-has-fill\"><div class=\"vc_column-inner vc_custom_1575231121777\"><div class=\"wpb_wrapper\"><div class=\"wpb_images_carousel wpb_content_element vc_clearfix vc_custom_1575231109026\"><div class=\"wpb_wrapper\"><div id=\"vc_images-carousel-1-1778977896\" data-ride=\"vc_carousel\" data-wrap=\"true\" style=\"width: 300px;\" data-interval=\"2000\" data-auto-height=\"yes\" data-mode=\"horizontal\" data-partial=\"false\" data-per-view=\"1\" data-hide-on-end=\"false\" class=\"vc_slide vc_images_carousel\"><div class=\"vc_carousel-inner\"><div class=\"vc_carousel-slideline\"><div class=\"vc_carousel-slideline-inner\"><div class=\"vc_item\"><div class=\"vc_inner\"><img loading=\"lazy\" decoding=\"async\" class=\"\" src=\"https:\/\/www.visual-photographie.fr\/wp-content\/uploads\/2019\/12\/20191201-Visual-Photographie-_-11.jpg\" width=\"113\" height=\"113\" alt=\"20191201 - Visual Photographie -_-11\" title=\"20191201 - Visual Photographie -_-11\" \/><\/div><\/div><div class=\"vc_item\"><div class=\"vc_inner\"><img loading=\"lazy\" decoding=\"async\" class=\"\" src=\"https:\/\/www.visual-photographie.fr\/wp-content\/uploads\/2019\/12\/20191201-Visual-Photographie-_-12.jpg\" width=\"113\" height=\"113\" alt=\"20191201 - Visual Photographie -_-12\" title=\"20191201 - Visual Photographie -_-12\" \/><\/div><\/div><div class=\"vc_item\"><div class=\"vc_inner\"><img loading=\"lazy\" decoding=\"async\" class=\"\" src=\"https:\/\/www.visual-photographie.fr\/wp-content\/uploads\/2019\/12\/20191201-Visual-Photographie-_-13.jpg\" width=\"113\" height=\"113\" alt=\"20191201 - Visual Photographie -_-13\" title=\"20191201 - Visual Photographie -_-13\" \/><\/div><\/div><div class=\"vc_item\"><div class=\"vc_inner\"><img loading=\"lazy\" decoding=\"async\" class=\"\" src=\"https:\/\/www.visual-photographie.fr\/wp-content\/uploads\/2019\/12\/20191201-Visual-Photographie-_-14.jpg\" width=\"113\" height=\"113\" alt=\"20191201 - Visual Photographie -_-14\" title=\"20191201 - Visual Photographie -_-14\" \/><\/div><\/div><div class=\"vc_item\"><div class=\"vc_inner\"><img loading=\"lazy\" decoding=\"async\" class=\"\" src=\"https:\/\/www.visual-photographie.fr\/wp-content\/uploads\/2019\/12\/20191201-Visual-Photographie-_.jpg\" width=\"113\" height=\"113\" alt=\"20191201 - Visual Photographie -_\" title=\"20191201 - Visual Photographie -_\" \/><\/div><\/div><\/div><\/div><\/div><\/div><\/div><\/div><\/div><\/div><\/div><div class=\"wpb_column vc_column_container vc_col-sm-3 vc_col-has-fill\"><div class=\"vc_column-inner vc_custom_1575231043273\"><div class=\"wpb_wrapper\"><div class=\"wpb_images_carousel wpb_content_element vc_clearfix vc_custom_1575231162144\"><div class=\"wpb_wrapper\"><div id=\"vc_images-carousel-2-1778977896\" data-ride=\"vc_carousel\" data-wrap=\"true\" style=\"width: 400px;\" data-interval=\"2000\" data-auto-height=\"yes\" data-mode=\"horizontal\" data-partial=\"false\" data-per-view=\"1\" data-hide-on-end=\"false\" class=\"vc_slide vc_images_carousel\"><div class=\"vc_carousel-inner\"><div class=\"vc_carousel-slideline\"><div class=\"vc_carousel-slideline-inner\"><div class=\"vc_item\"><div class=\"vc_inner\"><a class=\"\" href=\"https:\/\/www.visual-photographie.fr\/wp-content\/uploads\/2019\/12\/20191201-Visual-Photographie-_-9.jpg\" data-lightbox=\"lightbox[rel-2136-1944019014]\"><img loading=\"lazy\" decoding=\"async\" class=\"\" src=\"https:\/\/www.visual-photographie.fr\/wp-content\/uploads\/2019\/12\/20191201-Visual-Photographie-_-9.jpg\" width=\"113\" height=\"113\" alt=\"20191201 - Visual Photographie -_-9\" title=\"20191201 - Visual Photographie -_-9\" \/><\/a><\/div><\/div><div class=\"vc_item\"><div class=\"vc_inner\"><a class=\"\" href=\"https:\/\/www.visual-photographie.fr\/wp-content\/uploads\/2019\/12\/20191201-Visual-Photographie-_-8.jpg\" data-lightbox=\"lightbox[rel-2136-1944019014]\"><img loading=\"lazy\" decoding=\"async\" class=\"\" src=\"https:\/\/www.visual-photographie.fr\/wp-content\/uploads\/2019\/12\/20191201-Visual-Photographie-_-8.jpg\" width=\"113\" height=\"113\" alt=\"20191201 - Visual Photographie -_-8\" title=\"20191201 - Visual Photographie -_-8\" \/><\/a><\/div><\/div><div class=\"vc_item\"><div class=\"vc_inner\"><a class=\"\" href=\"https:\/\/www.visual-photographie.fr\/wp-content\/uploads\/2019\/12\/20191201-Visual-Photographie-_-7.jpg\" data-lightbox=\"lightbox[rel-2136-1944019014]\"><img loading=\"lazy\" decoding=\"async\" class=\"\" src=\"https:\/\/www.visual-photographie.fr\/wp-content\/uploads\/2019\/12\/20191201-Visual-Photographie-_-7.jpg\" width=\"113\" height=\"111\" alt=\"20191201 - Visual Photographie -_-7\" title=\"20191201 - Visual Photographie -_-7\" \/><\/a><\/div><\/div><div class=\"vc_item\"><div class=\"vc_inner\"><a class=\"\" href=\"https:\/\/www.visual-photographie.fr\/wp-content\/uploads\/2019\/12\/20191201-Visual-Photographie-_-5.jpg\" data-lightbox=\"lightbox[rel-2136-1944019014]\"><img loading=\"lazy\" decoding=\"async\" class=\"\" src=\"https:\/\/www.visual-photographie.fr\/wp-content\/uploads\/2019\/12\/20191201-Visual-Photographie-_-5.jpg\" width=\"108\" height=\"113\" alt=\"20191201 - Visual Photographie -_-5\" title=\"20191201 - Visual Photographie -_-5\" \/><\/a><\/div><\/div><div class=\"vc_item\"><div class=\"vc_inner\"><a class=\"\" href=\"https:\/\/www.visual-photographie.fr\/wp-content\/uploads\/2019\/12\/20191201-Visual-Photographie-_-6.jpg\" data-lightbox=\"lightbox[rel-2136-1944019014]\"><img loading=\"lazy\" decoding=\"async\" class=\"\" src=\"https:\/\/www.visual-photographie.fr\/wp-content\/uploads\/2019\/12\/20191201-Visual-Photographie-_-6.jpg\" width=\"113\" height=\"113\" alt=\"20191201 - Visual Photographie -_-6\" title=\"20191201 - Visual Photographie -_-6\" \/><\/a><\/div><\/div><\/div><\/div><\/div><\/div><\/div><\/div><\/div><\/div><\/div><div class=\"wpb_column vc_column_container vc_col-sm-3 vc_col-has-fill\"><div class=\"vc_column-inner vc_custom_1575231077035\"><div class=\"wpb_wrapper\"><div class=\"wpb_images_carousel wpb_content_element vc_clearfix vc_custom_1575231095914\"><div class=\"wpb_wrapper\"><div id=\"vc_images-carousel-3-1778977896\" data-ride=\"vc_carousel\" data-wrap=\"true\" style=\"width: 200px;\" data-interval=\"2000\" data-auto-height=\"yes\" data-mode=\"horizontal\" data-partial=\"false\" data-per-view=\"1\" data-hide-on-end=\"false\" class=\"vc_slide vc_images_carousel\"><div class=\"vc_carousel-inner\"><div class=\"vc_carousel-slideline\"><div class=\"vc_carousel-slideline-inner\"><div class=\"vc_item\"><div class=\"vc_inner\"><a class=\"\" href=\"https:\/\/www.visual-photographie.fr\/wp-content\/uploads\/2019\/12\/20191201-Visual-Photographie-_-4.jpg\" data-lightbox=\"lightbox[rel-2136-3826588355]\"><img loading=\"lazy\" decoding=\"async\" class=\"\" src=\"https:\/\/www.visual-photographie.fr\/wp-content\/uploads\/2019\/12\/20191201-Visual-Photographie-_-4.jpg\" width=\"113\" height=\"113\" alt=\"20191201 - Visual Photographie -_-4\" title=\"20191201 - Visual Photographie -_-4\" \/><\/a><\/div><\/div><div class=\"vc_item\"><div class=\"vc_inner\"><a class=\"\" href=\"https:\/\/www.visual-photographie.fr\/wp-content\/uploads\/2019\/12\/20191201-Visual-Photographie-_-3.jpg\" data-lightbox=\"lightbox[rel-2136-3826588355]\"><img loading=\"lazy\" decoding=\"async\" class=\"\" src=\"https:\/\/www.visual-photographie.fr\/wp-content\/uploads\/2019\/12\/20191201-Visual-Photographie-_-3.jpg\" width=\"113\" height=\"113\" alt=\"20191201 - Visual Photographie -_-3\" title=\"20191201 - Visual Photographie -_-3\" \/><\/a><\/div><\/div><div class=\"vc_item\"><div class=\"vc_inner\"><a class=\"\" href=\"https:\/\/www.visual-photographie.fr\/wp-content\/uploads\/2019\/12\/20191201-Visual-Photographie-_-2.jpg\" data-lightbox=\"lightbox[rel-2136-3826588355]\"><img loading=\"lazy\" decoding=\"async\" class=\"\" src=\"https:\/\/www.visual-photographie.fr\/wp-content\/uploads\/2019\/12\/20191201-Visual-Photographie-_-2.jpg\" width=\"113\" height=\"113\" alt=\"20191201 - Visual Photographie -_-2\" title=\"20191201 - Visual Photographie -_-2\" \/><\/a><\/div><\/div><div class=\"vc_item\"><div class=\"vc_inner\"><a class=\"\" href=\"https:\/\/www.visual-photographie.fr\/wp-content\/uploads\/2019\/12\/20080423-Visual-Photographie-_.jpg\" data-lightbox=\"lightbox[rel-2136-3826588355]\"><img loading=\"lazy\" decoding=\"async\" class=\"\" src=\"https:\/\/www.visual-photographie.fr\/wp-content\/uploads\/2019\/12\/20080423-Visual-Photographie-_.jpg\" width=\"113\" height=\"113\" alt=\"20080423 - Visual Photographie -_\" title=\"20080423 - Visual Photographie -_\" \/><\/a><\/div><\/div><div class=\"vc_item\"><div class=\"vc_inner\"><a class=\"\" href=\"https:\/\/www.visual-photographie.fr\/wp-content\/uploads\/2019\/12\/20191201-Visual-Photographie-_-13.jpg\" data-lightbox=\"lightbox[rel-2136-3826588355]\"><img loading=\"lazy\" decoding=\"async\" class=\"\" src=\"https:\/\/www.visual-photographie.fr\/wp-content\/uploads\/2019\/12\/20191201-Visual-Photographie-_-13.jpg\" width=\"113\" height=\"113\" alt=\"20191201 - Visual Photographie -_-13\" title=\"20191201 - Visual Photographie -_-13\" \/><\/a><\/div><\/div><\/div><\/div><\/div><\/div><\/div><\/div><\/div><\/div><\/div><div class=\"wpb_column vc_column_container vc_col-sm-3 vc_col-has-fill\"><div class=\"vc_column-inner vc_custom_1575231082987\"><div class=\"wpb_wrapper\"><div class=\"wpb_images_carousel wpb_content_element vc_clearfix vc_custom_1575231113738\"><div class=\"wpb_wrapper\"><div id=\"vc_images-carousel-4-1778977896\" data-ride=\"vc_carousel\" data-wrap=\"true\" style=\"width: 500px;\" data-interval=\"2000\" data-auto-height=\"yes\" data-mode=\"horizontal\" data-partial=\"false\" data-per-view=\"1\" data-hide-on-end=\"false\" class=\"vc_slide vc_images_carousel\"><div class=\"vc_carousel-inner\"><div class=\"vc_carousel-slideline\"><div class=\"vc_carousel-slideline-inner\"><div class=\"vc_item\"><div class=\"vc_inner\"><a class=\"\" href=\"https:\/\/www.visual-photographie.fr\/wp-content\/uploads\/2019\/12\/20191201-Visual-Photographie-_-3-1.jpg\" data-lightbox=\"lightbox[rel-2136-3480376256]\"><img loading=\"lazy\" decoding=\"async\" class=\"\" src=\"https:\/\/www.visual-photographie.fr\/wp-content\/uploads\/2019\/12\/20191201-Visual-Photographie-_-3-1.jpg\" width=\"113\" height=\"113\" alt=\"20191201 - Visual Photographie -_-3\" title=\"20191201 - Visual Photographie -_-3\" \/><\/a><\/div><\/div><div class=\"vc_item\"><div class=\"vc_inner\"><a class=\"\" href=\"https:\/\/www.visual-photographie.fr\/wp-content\/uploads\/2019\/12\/20191201-Visual-Photographie-_-10-1.jpg\" data-lightbox=\"lightbox[rel-2136-3480376256]\"><img loading=\"lazy\" decoding=\"async\" class=\"\" src=\"https:\/\/www.visual-photographie.fr\/wp-content\/uploads\/2019\/12\/20191201-Visual-Photographie-_-10-1.jpg\" width=\"113\" height=\"113\" alt=\"20191201 - Visual Photographie -_-10\" title=\"20191201 - Visual Photographie -_-10\" \/><\/a><\/div><\/div><div class=\"vc_item\"><div class=\"vc_inner\"><a class=\"\" href=\"https:\/\/www.visual-photographie.fr\/wp-content\/uploads\/2019\/12\/20191201-Visual-Photographie-_-4.jpg\" data-lightbox=\"lightbox[rel-2136-3480376256]\"><img loading=\"lazy\" decoding=\"async\" class=\"\" src=\"https:\/\/www.visual-photographie.fr\/wp-content\/uploads\/2019\/12\/20191201-Visual-Photographie-_-4.jpg\" width=\"113\" height=\"113\" alt=\"20191201 - Visual Photographie -_-4\" title=\"20191201 - Visual Photographie -_-4\" \/><\/a><\/div><\/div><div class=\"vc_item\"><div class=\"vc_inner\"><a class=\"\" href=\"https:\/\/www.visual-photographie.fr\/wp-content\/uploads\/2019\/12\/20191201-Visual-Photographie-_-6.jpg\" data-lightbox=\"lightbox[rel-2136-3480376256]\"><img loading=\"lazy\" decoding=\"async\" class=\"\" src=\"https:\/\/www.visual-photographie.fr\/wp-content\/uploads\/2019\/12\/20191201-Visual-Photographie-_-6.jpg\" width=\"113\" height=\"113\" alt=\"20191201 - Visual Photographie -_-6\" title=\"20191201 - Visual Photographie -_-6\" \/><\/a><\/div><\/div><div class=\"vc_item\"><div class=\"vc_inner\"><a class=\"\" href=\"https:\/\/www.visual-photographie.fr\/wp-content\/uploads\/2019\/12\/20080423-Visual-Photographie-_.jpg\" data-lightbox=\"lightbox[rel-2136-3480376256]\"><img loading=\"lazy\" decoding=\"async\" class=\"\" src=\"https:\/\/www.visual-photographie.fr\/wp-content\/uploads\/2019\/12\/20080423-Visual-Photographie-_.jpg\" width=\"113\" height=\"113\" alt=\"20080423 - Visual Photographie -_\" title=\"20080423 - Visual Photographie -_\" \/><\/a><\/div><\/div><\/div><\/div><\/div><\/div><\/div><\/div><\/div><\/div><\/div><\/div><\/div><\/div><\/div><\/div>\n","protected":false},"excerpt":{"rendered":"Contactez nousVenez nous rencontrez ! Votre Nom (obligatoire) Votre Email (obligatoire) Votre t\u00e9l\u00e9phone (obligatoire) Sujet Votre Message Visual Photographie +33 (0)6 85 44 71 13 Si\u00e8ge de la soci\u00e9t\u00e9 :...","protected":false},"author":1,"featured_media":0,"parent":0,"menu_order":0,"comment_status":"closed","ping_status":"closed","template":"","meta":{"om_disable_all_campaigns":false,"_monsterinsights_skip_tracking":false,"_monsterinsights_sitenote_active":false,"_monsterinsights_sitenote_note":"","_monsterinsights_sitenote_category":0,"_uf_show_specific_survey":0,"_uf_disable_surveys":false,"footnotes":""},"folder":[],"_links":{"self":[{"href":"https:\/\/www.visual-photographie.fr\/index.php\/wp-json\/wp\/v2\/pages\/2136"}],"collection":[{"href":"https:\/\/www.visual-photographie.fr\/index.php\/wp-json\/wp\/v2\/pages"}],"about":[{"href":"https:\/\/www.visual-photographie.fr\/index.php\/wp-json\/wp\/v2\/types\/page"}],"author":[{"embeddable":true,"href":"https:\/\/www.visual-photographie.fr\/index.php\/wp-json\/wp\/v2\/users\/1"}],"replies":[{"embeddable":true,"href":"https:\/\/www.visual-photographie.fr\/index.php\/wp-json\/wp\/v2\/comments?post=2136"}],"version-history":[{"count":11,"href":"https:\/\/www.visual-photographie.fr\/index.php\/wp-json\/wp\/v2\/pages\/2136\/revisions"}],"predecessor-version":[{"id":2839,"href":"https:\/\/www.visual-photographie.fr\/index.php\/wp-json\/wp\/v2\/pages\/2136\/revisions\/2839"}],"wp:attachment":[{"href":"https:\/\/www.visual-photographie.fr\/index.php\/wp-json\/wp\/v2\/media?parent=2136"}],"wp:term":[{"taxonomy":"folder","embeddable":true,"href":"https:\/\/www.visual-photographie.fr\/index.php\/wp-json\/wp\/v2\/folder?post=2136"}],"curies":[{"name":"wp","href":"https:\/\/api.w.org\/{rel}","templated":true}]}}