{"id":2309,"date":"2019-03-27T20:48:59","date_gmt":"2019-03-27T20:48:59","guid":{"rendered":"https:\/\/demo.gloriathemes.com\/arven\/light-demo\/?page_id=2309"},"modified":"2020-06-15T11:24:11","modified_gmt":"2020-06-15T09:24:11","slug":"packshot","status":"publish","type":"page","link":"https:\/\/www.visual-photographie.fr\/index.php\/packshot\/","title":{"rendered":"Packshot"},"content":{"rendered":"<div data-vc-full-width=\"true\" data-vc-full-width-init=\"false\" data-vc-stretch-content=\"true\" class=\"vc_row wpb_row vc_row-fluid gt-background-position-initial gt-background-attachment-initial vc_row-o-equal-height vc_row-flex\"><div class=\"wpb_column vc_column_container vc_col-sm-12 vc_col-has-fill gt-background-position-initial gt-background-attachment-initial\"><div class=\"vc_column-inner vc_custom_1574892950500\"><div class=\"wpb_wrapper\"><div class=\"vc_row wpb_row vc_inner vc_row-fluid\"><div class=\"wpb_column vc_column_container vc_col-sm-12 vc_col-lg-12 vc_col-md-12 vc_col-xs-12 vc_col-has-fill\"><div class=\"vc_column-inner vc_custom_1575561154403\"><div class=\"wpb_wrapper\"><div class=\"vc_empty_space\"   style=\"height: 90px\"><span class=\"vc_empty_space_inner\"><\/span><\/div><div class=\"gt-page-title gt-dark gt-right\"><h1>PACKSHOT<\/h1><p class=\"lead\">Photos de Produits<\/p><p class=\"small\">Mettre en valeur l&#039;image de vos produits, et de votre entreprise.<\/p><\/div><div class=\"vc_empty_space\"   style=\"height: 190px\"><span class=\"vc_empty_space_inner\"><\/span><\/div><\/div><\/div><\/div><\/div><\/div><\/div><\/div><\/div><div class=\"vc_row-full-width vc_clearfix\"><\/div><div class=\"vc_row wpb_row vc_row-fluid gt-background-position-initial gt-background-attachment-initial vc_row-o-equal-height vc_row-flex\"><div data-vc-parallax=\"3\" class=\"wpb_column vc_column_container vc_col-sm-12 vc_col-lg-12 vc_col-md-12 vc_col-xs-12 vc_col-has-fill gt-background-position-center-center gt-background-attachment-initial vc_general vc_parallax vc_parallax-content-moving\"><div class=\"vc_column-inner vc_custom_1575561426010\"><div class=\"wpb_wrapper\"><div class=\"vc_row wpb_row vc_inner vc_row-fluid\"><div class=\"wpb_column vc_column_container vc_col-sm-12 vc_col-lg-1 vc_col-md-1 vc_col-xs-12\"><div class=\"vc_column-inner\"><div class=\"wpb_wrapper\"><\/div><\/div><\/div><div class=\"wpb_column vc_column_container vc_col-sm-12 vc_col-lg-10 vc_col-md-10 vc_col-xs-12\"><div class=\"vc_column-inner\"><div class=\"wpb_wrapper\"><div class=\"gt-page-title gt-dark gt-left\"><h1>Les produits de votre entreprise<\/h1><\/div><div class=\"vc_empty_space\"   style=\"height: 25px\"><span class=\"vc_empty_space_inner\"><\/span><\/div>\n\t<div class=\"wpb_text_column wpb_content_element \" >\n\t\t<div class=\"wpb_wrapper\">\n\t\t\t<p>Tout autour de nous d\u00e9sormais, les images sont pr\u00e9sentes. Num\u00e9riques, imprim\u00e9es, quelque soit le support elles sont visible et font partie int\u00e9grante du paysage communicant actuel.<\/p>\n<p><b>CATALOGUE PRODUIT, SITE E-COMMERCE, PLAQUETTE MARKETING, DEPLIANTS, R\u00c9SEAUX SOCIAUX \u2026<\/b><\/p>\n<p>Les photos de vos produits v\u00e9hiculent \u00e9galement <strong>l\u2019image de votre entreprise<\/strong>. Il est donc indispensable que vous proposiez des photos de la meilleure qualit\u00e9 possible, mettant en valeur vos produits, vos cr\u00e9ations, et par extension votre soci\u00e9t\u00e9, et cela pour tout vos supports.<\/p>\n\n\t\t<\/div>\n\t<\/div>\n<div class=\"vc_empty_space\"   style=\"height: 25px\"><span class=\"vc_empty_space_inner\"><\/span><\/div><\/div><\/div><\/div><div class=\"wpb_column vc_column_container vc_col-sm-12 vc_col-lg-1 vc_col-md-1 vc_col-xs-12\"><div class=\"vc_column-inner\"><div class=\"wpb_wrapper\"><\/div><\/div><\/div><\/div><\/div><\/div><\/div><\/div><div class=\"vc_row wpb_row vc_row-fluid vc_custom_1574714413965 vc_row-has-fill gt-background-position-initial gt-background-attachment-initial vc_row-o-equal-height vc_row-flex\"><div class=\"wpb_column vc_column_container vc_col-sm-12 vc_col-lg-6 vc_col-md-6 vc_col-xs-12\"><div class=\"vc_column-inner vc_custom_1553367028075\"><div class=\"wpb_wrapper\"><div class=\"vc_row wpb_row vc_inner vc_row-fluid\"><div class=\"wpb_column vc_column_container vc_col-sm-12 vc_col-lg-1\/5 vc_col-md-1\/5 vc_col-xs-12\"><div class=\"vc_column-inner\"><div class=\"wpb_wrapper\"><\/div><\/div><\/div><div class=\"wpb_column vc_column_container vc_col-sm-12 vc_col-lg-3\/5 vc_col-md-3\/5 vc_col-xs-12\"><div class=\"vc_column-inner\"><div class=\"wpb_wrapper\"><div class=\"vc_empty_space\"   style=\"height: 52px\"><span class=\"vc_empty_space_inner\"><\/span><\/div>\n\t<div class=\"wpb_text_column wpb_content_element \" >\n\t\t<div class=\"wpb_wrapper\">\n\t\t\t<p style=\"text-align: right;\"><span style=\"color: #ffffff;\">Un shooting packshot vous permettra d\u2019obtenir des images de qualit\u00e9 de vos produits pour chaque utilisation, ce shooting r\u00e9pondra \u00e0 toutes vos attentes, que vous ayez besoin d\u2019un visuel haute d\u00e9finition pour le print (catalogue produits, packaging, publicit\u00e9 \u2026) ou en moyenne d\u00e9finition pour le digital (site web, e-commerce, e-mailing, r\u00e9seaux sociaux \u2026).\u00a0<\/span><\/p>\n\n\t\t<\/div>\n\t<\/div>\n<div class=\"vc_empty_space\"   style=\"height: 52px\"><span class=\"vc_empty_space_inner\"><\/span><\/div><\/div><\/div><\/div><div class=\"wpb_column vc_column_container vc_col-sm-12 vc_col-lg-1\/5 vc_col-md-1\/5 vc_col-xs-12\"><div class=\"vc_column-inner\"><div class=\"wpb_wrapper\"><\/div><\/div><\/div><\/div><\/div><\/div><\/div><div class=\"wpb_column vc_column_container vc_col-sm-12 vc_col-lg-6 vc_col-md-6 vc_col-xs-12 vc_col-has-fill gt-background-position-center-center gt-background-attachment-initial\"><div class=\"vc_column-inner vc_custom_1575561743545\"><div class=\"wpb_wrapper\"><\/div><\/div><\/div><\/div><div class=\"vc_row wpb_row vc_row-fluid gt-background-position-initial gt-background-attachment-initial vc_row-o-equal-height vc_row-flex\"><div data-vc-parallax=\"3\" class=\"wpb_column vc_column_container vc_col-sm-12 vc_col-lg-6 vc_col-md-6 vc_col-xs-12 vc_col-has-fill gt-background-position-initial gt-background-attachment-scroll vc_general vc_parallax vc_parallax-content-moving\"><div class=\"vc_column-inner vc_custom_1575197639950\"><div class=\"wpb_wrapper\"><\/div><\/div><\/div><div class=\"wpb_column vc_column_container vc_col-sm-12 vc_col-lg-6 vc_col-md-6 vc_col-xs-12\"><div class=\"vc_column-inner vc_custom_1553367028075\"><div class=\"wpb_wrapper\"><div class=\"vc_row wpb_row vc_inner vc_row-fluid\"><div class=\"wpb_column vc_column_container vc_col-sm-12 vc_col-lg-1\/5 vc_col-md-1\/5 vc_col-xs-12\"><div class=\"vc_column-inner\"><div class=\"wpb_wrapper\"><\/div><\/div><\/div><div class=\"wpb_column vc_column_container vc_col-sm-12 vc_col-lg-3\/5 vc_col-md-3\/5 vc_col-xs-12\"><div class=\"vc_column-inner\"><div class=\"wpb_wrapper\"><div class=\"vc_empty_space\"   style=\"height: 52px\"><span class=\"vc_empty_space_inner\"><\/span><\/div>\n\t<div class=\"wpb_text_column wpb_content_element \" >\n\t\t<div class=\"wpb_wrapper\">\n\t\t\t<p><i>\u00ab Selon l\u2019Insee 80% DES INTERNAUTES STOPPENT LEUR PROCESSUS D\u2019ACHAT EN RAISON D\u2019UNE PHOTO PRODUIT TROP PETITE, OU DE MAUVAISE QUALIT\u00c9 \u00bb<\/i><\/p>\n<p>Ne n\u00e9gligez pas vos images<span class=\"Apple-converted-space\">\u00a0<\/span><\/p>\n\n\t\t<\/div>\n\t<\/div>\n<div class=\"vc_empty_space\"   style=\"height: 52px\"><span class=\"vc_empty_space_inner\"><\/span><\/div><\/div><\/div><\/div><div class=\"wpb_column vc_column_container vc_col-sm-12 vc_col-lg-1\/5 vc_col-md-1\/5 vc_col-xs-12\"><div class=\"vc_column-inner\"><div class=\"wpb_wrapper\"><\/div><\/div><\/div><\/div><\/div><\/div><\/div><\/div><div class=\"vc_row wpb_row vc_row-fluid vc_custom_1574714429111 vc_row-has-fill gt-background-position-initial gt-background-attachment-initial vc_row-o-equal-height vc_row-flex\"><div class=\"wpb_column vc_column_container vc_col-sm-12 vc_col-lg-6 vc_col-md-6 vc_col-xs-12\"><div class=\"vc_column-inner vc_custom_1553367028075\"><div class=\"wpb_wrapper\"><div class=\"vc_row wpb_row vc_inner vc_row-fluid\"><div class=\"wpb_column vc_column_container vc_col-sm-12 vc_col-lg-1\/5 vc_col-md-1\/5 vc_col-xs-12\"><div class=\"vc_column-inner\"><div class=\"wpb_wrapper\"><\/div><\/div><\/div><div class=\"wpb_column vc_column_container vc_col-sm-12 vc_col-lg-3\/5 vc_col-md-3\/5 vc_col-xs-12\"><div class=\"vc_column-inner\"><div class=\"wpb_wrapper\"><div class=\"vc_empty_space\"   style=\"height: 32px\"><span class=\"vc_empty_space_inner\"><\/span><\/div>\n\t<div class=\"wpb_text_column wpb_content_element \" >\n\t\t<div class=\"wpb_wrapper\">\n\t\t\t<p style=\"text-align: right;\"><span style=\"color: #ffffff;\">Dans l\u2019E-Commerce, la photo de votre produit est l\u2019argument de vente num\u00e9ro un. Une photo de qualit\u00e9, et affich\u00e9e en bonne d\u00e9finition, vous permettra d\u2019augmenter votre taux de conversion et de diminuer vos retours produits. Acheteriez vous une voiture neuve sans l\u2019avoir vu en concession ?<\/span><\/p>\n<p style=\"text-align: right;\"><span style=\"color: #ffffff;\">En s\u2019appuyant sur les arguments marketing de vos produits, les remarques des personnes en charge de la communication de ses derniers, nous mettons en place en une sc\u00e8ne, un type de prise de vue en rapport avec vos attentes, pour mettre en valeur par des images travaill\u00e9es les visuels de ces produits.<\/span><\/p>\n\n\t\t<\/div>\n\t<\/div>\n<div class=\"vc_empty_space\"   style=\"height: 32px\"><span class=\"vc_empty_space_inner\"><\/span><\/div><\/div><\/div><\/div><div class=\"wpb_column vc_column_container vc_col-sm-12 vc_col-lg-1\/5 vc_col-md-1\/5 vc_col-xs-12\"><div class=\"vc_column-inner\"><div class=\"wpb_wrapper\"><\/div><\/div><\/div><\/div><\/div><\/div><\/div><div data-vc-parallax=\"3\" data-vc-parallax-image=\"https:\/\/www.visual-photographie.fr\/wp-content\/uploads\/2019\/11\/20181017-Visual-Photographie-_-scaled.jpg\" class=\"wpb_column vc_column_container vc_col-sm-12 vc_col-lg-6 vc_col-md-6 vc_col-xs-12 vc_col-has-fill gt-background-position-center-center gt-background-attachment-initial vc_general vc_parallax vc_parallax-content-moving\"><div class=\"vc_column-inner vc_custom_1574664374742\"><div class=\"wpb_wrapper\"><\/div><\/div><\/div><\/div><div class=\"vc_row wpb_row vc_row-fluid vc_custom_1574714437678 gt-background-position-initial gt-background-attachment-initial vc_row-o-equal-height vc_row-flex\"><div class=\"wpb_column vc_column_container vc_col-sm-12 vc_col-lg-6 vc_col-md-6 vc_col-xs-12 vc_col-has-fill gt-background-position-center-center gt-background-attachment-initial\"><div class=\"vc_column-inner vc_custom_1574893541509\"><div class=\"wpb_wrapper\"><\/div><\/div><\/div><div class=\"wpb_column vc_column_container vc_col-sm-12 vc_col-lg-6 vc_col-md-6 vc_col-xs-12\"><div class=\"vc_column-inner vc_custom_1553367028075\"><div class=\"wpb_wrapper\"><div class=\"vc_row wpb_row vc_inner vc_row-fluid\"><div class=\"wpb_column vc_column_container vc_col-sm-12 vc_col-lg-1\/5 vc_col-md-1\/5 vc_col-xs-12\"><div class=\"vc_column-inner\"><div class=\"wpb_wrapper\"><\/div><\/div><\/div><div class=\"wpb_column vc_column_container vc_col-sm-12 vc_col-lg-3\/5 vc_col-md-3\/5 vc_col-xs-12\"><div class=\"vc_column-inner\"><div class=\"wpb_wrapper\"><div class=\"vc_empty_space\"   style=\"height: 32px\"><span class=\"vc_empty_space_inner\"><\/span><\/div>\n\t<div class=\"wpb_text_column wpb_content_element \" >\n\t\t<div class=\"wpb_wrapper\">\n\t\t\t<p>Que ce soit sur place, ou dans notre studio (prochainement) nous sommes en mesure de r\u00e9aliser des photos \u00e0 l\u2019\u00e9clairage \u00e9quilibr\u00e9e, \u00e0 la nettet\u00e9 maitris\u00e9e, et \u00e0 la colorim\u00e9trie parfaite. Nous veillons tout particuli\u00e8rement \u00e0 pr\u00e9server une justesse des couleurs en ayant, de la prise de vue, jusqu\u2019\u00e0 la livraison une gestion de la couleur la plus parfaite et lin\u00e9aire possible. De par ce process pr\u00e9cis, nous vous livrons des photos poss\u00e9dant un rendu identique, de la premi\u00e8re, \u00e0 la derni\u00e8re !<\/p>\n\n\t\t<\/div>\n\t<\/div>\n<div class=\"vc_empty_space\"   style=\"height: 32px\"><span class=\"vc_empty_space_inner\"><\/span><\/div><\/div><\/div><\/div><div class=\"wpb_column vc_column_container vc_col-sm-12 vc_col-lg-1\/5 vc_col-md-1\/5 vc_col-xs-12\"><div class=\"vc_column-inner\"><div class=\"wpb_wrapper\"><\/div><\/div><\/div><\/div><\/div><\/div><\/div><\/div><div class=\"vc_row wpb_row vc_row-fluid vc_custom_1574714444593 vc_row-has-fill gt-background-position-initial gt-background-attachment-initial vc_row-o-equal-height vc_row-flex\"><div class=\"wpb_column vc_column_container vc_col-sm-12 vc_col-lg-6 vc_col-md-6 vc_col-xs-12\"><div class=\"vc_column-inner vc_custom_1553367028075\"><div class=\"wpb_wrapper\"><div class=\"vc_row wpb_row vc_inner vc_row-fluid\"><div class=\"wpb_column vc_column_container vc_col-sm-12 vc_col-lg-1\/5 vc_col-md-1\/5 vc_col-xs-12\"><div class=\"vc_column-inner\"><div class=\"wpb_wrapper\"><\/div><\/div><\/div><div class=\"wpb_column vc_column_container vc_col-sm-12 vc_col-lg-3\/5 vc_col-md-3\/5 vc_col-xs-12\"><div class=\"vc_column-inner\"><div class=\"wpb_wrapper\"><div class=\"gt-page-title gt-light gt-right\"><h1>POST-PRODUCTION<\/h1><\/div><div class=\"vc_empty_space\"   style=\"height: 20px\"><span class=\"vc_empty_space_inner\"><\/span><\/div>\n\t<div class=\"wpb_text_column wpb_content_element \" >\n\t\t<div class=\"wpb_wrapper\">\n\t\t\t<p style=\"text-align: right;\"><span style=\"color: #ffffff;\">Au del\u00e0 de la prise de vue de vos produits, nous r\u00e9alisons aussi tous les travaux de post-production n\u00e9cessaires : d\u00e9tourage du produit, chromie, colorisation, redimensionnement, retouches simples ou complexes, exports aux formats de votre choix \u2026<\/span><\/p>\n<p style=\"text-align: right;\"><span style=\"color: #ffffff;\">Nous pouvons d\u2019une part, ne v\u00e9rifier que la colorim\u00e9trie, l\u2019\u00e9clairage, et la correction de petits d\u00e9fauts (poussi\u00e8res par exemple) ce que nous appelons d\u00e9veloppement. Ou bien partir sur une retouche plus pouss\u00e9e de l\u2019image dans le but de vous fournir la photo la plus parfaite possible.<\/span><\/p>\n<p style=\"text-align: right;\"><span style=\"color: #ffffff;\">Dans l\u2019id\u00e9e de contenir les budgets pour vos images, nous ne d\u00e9veloppons ou retouchons que les photos qui sont n\u00e9cessaires. Nous utilisons pour cela un syst\u00e8me de galerie en ligne priv\u00e9e, permettant la visualisation, le contr\u00f4le, les commentaires, et le choix de vos photos.<span class=\"Apple-converted-space\">\u00a0<\/span><\/span><\/p>\n\n\t\t<\/div>\n\t<\/div>\n<div class=\"vc_empty_space\"   style=\"height: 32px\"><span class=\"vc_empty_space_inner\"><\/span><\/div><\/div><\/div><\/div><div class=\"wpb_column vc_column_container vc_col-sm-12 vc_col-lg-1\/5 vc_col-md-1\/5 vc_col-xs-12\"><div class=\"vc_column-inner\"><div class=\"wpb_wrapper\"><\/div><\/div><\/div><\/div><\/div><\/div><\/div><div class=\"wpb_column vc_column_container vc_col-sm-12 vc_col-lg-6 vc_col-md-6 vc_col-xs-12 vc_col-has-fill gt-background-position-top-center gt-background-attachment-inherit\"><div class=\"vc_column-inner vc_custom_1574714123116\"><div class=\"wpb_wrapper\"><\/div><\/div><\/div><\/div>\n","protected":false},"excerpt":{"rendered":"PACKSHOTPhotos de ProduitsMettre en valeur l&#039;image de vos produits, et de votre entreprise.Les produits de votre entreprise Tout autour de nous d\u00e9sormais, les images sont pr\u00e9sentes. Num\u00e9riques, imprim\u00e9es, quelque soit...","protected":false},"author":1,"featured_media":0,"parent":0,"menu_order":0,"comment_status":"closed","ping_status":"closed","template":"","meta":{"om_disable_all_campaigns":false,"_monsterinsights_skip_tracking":false,"_monsterinsights_sitenote_active":false,"_monsterinsights_sitenote_note":"","_monsterinsights_sitenote_category":0,"_uf_show_specific_survey":0,"_uf_disable_surveys":false,"footnotes":""},"folder":[8],"_links":{"self":[{"href":"https:\/\/www.visual-photographie.fr\/index.php\/wp-json\/wp\/v2\/pages\/2309"}],"collection":[{"href":"https:\/\/www.visual-photographie.fr\/index.php\/wp-json\/wp\/v2\/pages"}],"about":[{"href":"https:\/\/www.visual-photographie.fr\/index.php\/wp-json\/wp\/v2\/types\/page"}],"author":[{"embeddable":true,"href":"https:\/\/www.visual-photographie.fr\/index.php\/wp-json\/wp\/v2\/users\/1"}],"replies":[{"embeddable":true,"href":"https:\/\/www.visual-photographie.fr\/index.php\/wp-json\/wp\/v2\/comments?post=2309"}],"version-history":[{"count":68,"href":"https:\/\/www.visual-photographie.fr\/index.php\/wp-json\/wp\/v2\/pages\/2309\/revisions"}],"predecessor-version":[{"id":4653,"href":"https:\/\/www.visual-photographie.fr\/index.php\/wp-json\/wp\/v2\/pages\/2309\/revisions\/4653"}],"wp:attachment":[{"href":"https:\/\/www.visual-photographie.fr\/index.php\/wp-json\/wp\/v2\/media?parent=2309"}],"wp:term":[{"taxonomy":"folder","embeddable":true,"href":"https:\/\/www.visual-photographie.fr\/index.php\/wp-json\/wp\/v2\/folder?post=2309"}],"curies":[{"name":"wp","href":"https:\/\/api.w.org\/{rel}","templated":true}]}}