{"id":3996,"date":"2021-04-24T11:25:44","date_gmt":"2021-04-24T09:25:44","guid":{"rendered":"https:\/\/www.visual-photographie.fr\/?page_id=3996"},"modified":"2021-04-24T14:43:00","modified_gmt":"2021-04-24T12:43:00","slug":"360-vr-visite-virtuelle-sur-mesure-gigapixel-visual-photographie","status":"publish","type":"page","link":"https:\/\/www.visual-photographie.fr\/index.php\/360-vr-visite-virtuelle-sur-mesure-gigapixel-visual-photographie\/","title":{"rendered":"360 &#8211; Visite Virtuelle"},"content":{"rendered":"<div data-vc-full-width=\"true\" data-vc-full-width-init=\"false\" data-vc-parallax=\"1.5\" data-vc-parallax-image=\"\" class=\"vc_row wpb_row vc_row-fluid vc_custom_1619256622921 vc_row-has-fill gt-background-position-initial gt-background-attachment-initial vc_general vc_parallax vc_parallax-content-moving\"><div class=\"wpb_column vc_column_container vc_col-sm-8 vc_col-has-fill gt-background-position-initial gt-background-attachment-initial\"><div class=\"vc_column-inner vc_custom_1619258793408\"><div class=\"wpb_wrapper\"><h1 style=\"font-size: 46px;color: #1e73be;line-height: 1;text-align: left;font-family:Montserrat;font-weight:400;font-style:normal\" class=\"vc_custom_heading\" >Mettre en valeur votre \u00e9tablissement, par une visite virtuelle<\/h1>\n\t<div class=\"wpb_text_column wpb_content_element \" >\n\t\t<div class=\"wpb_wrapper\">\n\t\t\t<p><span style=\"color: #3366ff;\">Actuellement, au vue du contexte sanitaire, privil\u00e9gier le virtuel est une des pistes vous permettant de continuer \u00e0 travailler dans des conditions sereines. Nous pouvons r\u00e9aliser pour vous une visite virtuelle, sous la forme d&#8217;un showroom, virtuel ou non, pr\u00e9sentant vos r\u00e9alisations, visible m\u00eame avec des lunettes VR. Vos visiteurs ne bougeront pas de leur fauteuil, et se prom\u00e8neront sur les diff\u00e9rents endroits que vous leur proposerez.<\/span><\/p>\n\n\t\t<\/div>\n\t<\/div>\n<div class=\"vc_btn3-container vc_btn3-inline\" ><a class=\"vc_general vc_btn3 vc_btn3-size-md vc_btn3-shape-round vc_btn3-style-flat vc_btn3-color-primary\" href=\"https:\/\/www.visual-photographie.fr\/index.php\/contact\/\" title=\"Contact\">Commander une Visite Virtuelle<\/a><\/div><\/div><\/div><\/div><div class=\"wpb_column vc_column_container vc_col-sm-4\"><div class=\"vc_column-inner\"><div class=\"wpb_wrapper\"><\/div><\/div><\/div><\/div><div class=\"vc_row-full-width vc_clearfix\"><\/div><div data-vc-full-width=\"true\" data-vc-full-width-init=\"false\" class=\"vc_row wpb_row vc_row-fluid vc_custom_1619257618358 vc_row-has-fill gt-background-position-initial gt-background-attachment-initial vc_row-o-equal-height vc_row-o-content-middle vc_row-flex\"><div class=\"wpb_column vc_column_container vc_col-sm-6\"><div class=\"vc_column-inner\"><div class=\"wpb_wrapper\">\n\t<div  class=\"wpb_single_image wpb_content_element vc_align_center\">\n\t\t\n\t\t<figure class=\"wpb_wrapper vc_figure\">\n\t\t\t<div class=\"vc_single_image-wrapper   vc_box_border_grey\"><img loading=\"lazy\" decoding=\"async\" width=\"800\" height=\"690\" src=\"https:\/\/www.visual-photographie.fr\/wp-content\/uploads\/2021\/04\/business-layout-full-page-3708.png\" class=\"vc_single_image-img attachment-full\" alt=\"\" srcset=\"https:\/\/www.visual-photographie.fr\/wp-content\/uploads\/2021\/04\/business-layout-full-page-3708.png 800w, https:\/\/www.visual-photographie.fr\/wp-content\/uploads\/2021\/04\/business-layout-full-page-3708-300x259.png 300w, https:\/\/www.visual-photographie.fr\/wp-content\/uploads\/2021\/04\/business-layout-full-page-3708-768x662.png 768w, https:\/\/www.visual-photographie.fr\/wp-content\/uploads\/2021\/04\/business-layout-full-page-3708-600x518.png 600w, https:\/\/www.visual-photographie.fr\/wp-content\/uploads\/2021\/04\/business-layout-full-page-3708-750x647.png 750w\" sizes=\"(max-width: 800px) 100vw, 800px\" \/><\/div>\n\t\t<\/figure>\n\t<\/div>\n<\/div><\/div><\/div><div class=\"wpb_column vc_column_container vc_col-sm-6\"><div class=\"vc_column-inner\"><div class=\"wpb_wrapper\"><h2 style=\"font-size: 38px;color: #ffffff;line-height: 1;text-align: left;font-family:Montserrat;font-weight:400;font-style:normal\" class=\"vc_custom_heading\" >Une solution compatible quelque soit le terminal utilis\u00e9<\/h2>\n\t<div class=\"wpb_text_column wpb_content_element \" >\n\t\t<div class=\"wpb_wrapper\">\n\t\t\t<p style=\"text-align: left;\"><span style=\"color: #ffffff;\">Nos solutions de visites virtuelles peuvent \u00eatre mise en place sur diff\u00e9rents supports. Ordinateurs, tablettes, smartphones, bornes, ou lunettes VR.<\/span><\/p>\n\n\t\t<\/div>\n\t<\/div>\n<div class=\"vc_btn3-container vc_btn3-left\" ><a onmouseleave=\"this.style.borderColor='#ffffff'; this.style.backgroundColor='transparent'; this.style.color='#ffffff'\" onmouseenter=\"this.style.borderColor='#ffffff'; this.style.backgroundColor='#ffffff'; this.style.color='#1e73be';\" style=\"border-color:#ffffff; color:#ffffff;\" class=\"vc_general vc_btn3 vc_btn3-size-md vc_btn3-shape-round vc_btn3-style-outline-custom\" href=\"https:\/\/www.visual-photographie.fr\/index.php\/contact\/\" title=\"Contact\">Les pr\u00e9requis pour mettre en place une visite virtuelle.<\/a><\/div><\/div><\/div><\/div><\/div><div class=\"vc_row-full-width vc_clearfix\"><\/div><div class=\"vc_row wpb_row vc_row-fluid vc_custom_1496755964373 vc_column-gap-15 gt-background-position-initial gt-background-attachment-initial vc_row-o-equal-height vc_row-flex\"><div class=\"wpb_column vc_column_container vc_col-sm-3\"><div class=\"vc_column-inner\"><div class=\"wpb_wrapper\"><div class=\"vc_icon_element vc_icon_element-outer vc_icon_element-align-center vc_icon_element-have-style\"><div class=\"vc_icon_element-inner vc_icon_element-color-white vc_icon_element-have-style-inner vc_icon_element-size-lg vc_icon_element-style-rounded vc_icon_element-background vc_icon_element-background-color-sky\" ><span class=\"vc_icon_element-icon vc-material vc-material-filter_1\" ><\/span><\/div><\/div><h4 style=\"font-size: 22px;color: #3a3a3a;line-height: 1.2;text-align: center;font-family:Montserrat;font-weight:400;font-style:normal\" class=\"vc_custom_heading\" >Visites Petit Budget<\/h4>\n\t<div class=\"wpb_text_column wpb_content_element \" >\n\t\t<div class=\"wpb_wrapper\">\n\t\t\t<p>Nos tarifs commencent \u00e0 35\u20ac la sph\u00e8re, pour une r\u00e9solution de 24Mp.<\/p>\n\n\t\t<\/div>\n\t<\/div>\n<\/div><\/div><\/div><div class=\"wpb_column vc_column_container vc_col-sm-3\"><div class=\"vc_column-inner\"><div class=\"wpb_wrapper\"><div class=\"vc_icon_element vc_icon_element-outer vc_icon_element-align-center vc_icon_element-have-style\"><div class=\"vc_icon_element-inner vc_icon_element-color-white vc_icon_element-have-style-inner vc_icon_element-size-lg vc_icon_element-style-rounded vc_icon_element-background vc_icon_element-background-color-sky\" ><span class=\"vc_icon_element-icon vc-material vc-material-filter_2\" ><\/span><\/div><\/div><h4 style=\"font-size: 22px;color: #3a3a3a;line-height: 1.2;text-align: center;font-family:Montserrat;font-weight:400;font-style:normal\" class=\"vc_custom_heading\" >Visites Premium<\/h4>\n\t<div class=\"wpb_text_column wpb_content_element \" >\n\t\t<div class=\"wpb_wrapper\">\n\t\t\t<p style=\"text-align: center;\">R\u00e9alis\u00e9es en Haute d\u00e9finition, elles vous permettent de v\u00e9hiculer la meilleure image qui soit.<\/p>\n\n\t\t<\/div>\n\t<\/div>\n<\/div><\/div><\/div><div class=\"wpb_column vc_column_container vc_col-sm-3\"><div class=\"vc_column-inner\"><div class=\"wpb_wrapper\"><div class=\"vc_icon_element vc_icon_element-outer vc_icon_element-align-center vc_icon_element-have-style\"><div class=\"vc_icon_element-inner vc_icon_element-color-white vc_icon_element-have-style-inner vc_icon_element-size-lg vc_icon_element-style-rounded vc_icon_element-background vc_icon_element-background-color-sky\" ><span class=\"vc_icon_element-icon vc-material vc-material-filter_3\" ><\/span><\/div><\/div><h4 style=\"font-size: 22px;color: #3a3a3a;line-height: 1.2;text-align: center;font-family:Montserrat;font-weight:400;font-style:normal\" class=\"vc_custom_heading\" >Visites Techniques<\/h4>\n\t<div class=\"wpb_text_column wpb_content_element \" >\n\t\t<div class=\"wpb_wrapper\">\n\t\t\t<p style=\"text-align: center;\">R\u00e9alis\u00e9es en Ultra Haute D\u00e9finition, elles permettent de r\u00e9aliser des images \u00e0 des fins d&#8217;archives, en pr\u00e9servant un niveau de d\u00e9tail des plus \u00e9lev\u00e9.<\/p>\n\n\t\t<\/div>\n\t<\/div>\n<\/div><\/div><\/div><div class=\"wpb_column vc_column_container vc_col-sm-3\"><div class=\"vc_column-inner\"><div class=\"wpb_wrapper\"><div class=\"vc_icon_element vc_icon_element-outer vc_icon_element-align-center vc_icon_element-have-style\"><div class=\"vc_icon_element-inner vc_icon_element-color-white vc_icon_element-have-style-inner vc_icon_element-size-lg vc_icon_element-style-rounded vc_icon_element-background vc_icon_element-background-color-sky\" ><span class=\"vc_icon_element-icon vc-material vc-material-camera\" ><\/span><\/div><\/div><h4 style=\"font-size: 22px;color: #3a3a3a;line-height: 1.2;text-align: center;font-family:Montserrat;font-weight:400;font-style:normal\" class=\"vc_custom_heading\" >Montage<\/h4>\n\t<div class=\"wpb_text_column wpb_content_element \" >\n\t\t<div class=\"wpb_wrapper\">\n\t\t\t<p style=\"text-align: center;\">Nous proposons tout une gamme d&#8217;h\u00e9bergements et de montages d&#8217;une visite virtuelle, allant de l&#8217;immobilier au touristique.<\/p>\n\n\t\t<\/div>\n\t<\/div>\n<\/div><\/div><\/div><\/div><div data-vc-full-width=\"true\" data-vc-full-width-init=\"false\" data-vc-stretch-content=\"true\" class=\"vc_row wpb_row vc_row-fluid gt-background-position-initial gt-background-attachment-initial vc_row-no-padding\"><div class=\"wpb_column vc_column_container vc_col-sm-12\"><div class=\"vc_column-inner\"><div class=\"wpb_wrapper\"><div class=\"vc_separator wpb_content_element vc_separator_align_center vc_sep_width_100 vc_sep_pos_align_center vc_separator_no_text vc_sep_color_grey\" ><span class=\"vc_sep_holder vc_sep_holder_l\"><span  class=\"vc_sep_line\"><\/span><\/span><span class=\"vc_sep_holder vc_sep_holder_r\"><span  class=\"vc_sep_line\"><\/span><\/span>\n<\/div><\/div><\/div><\/div><\/div><div class=\"vc_row-full-width vc_clearfix\"><\/div><div class=\"vc_row wpb_row vc_row-fluid gt-background-position-initial gt-background-attachment-initial\"><div class=\"wpb_column vc_column_container vc_col-sm-12\"><div class=\"vc_column-inner\"><div class=\"wpb_wrapper\"><h3 style=\"font-size: 28px;color: #3a3a3a;line-height: 1.2;text-align: center;font-family:Montserrat;font-weight:400;font-style:normal\" class=\"vc_custom_heading vc_custom_1619259067220\" >Quelques unes de nos r\u00e9alisations<\/h3><\/div><\/div><\/div><\/div><div class=\"vc_row wpb_row vc_row-fluid vc_custom_1453299367133 vc_column-gap-15 gt-background-position-initial gt-background-attachment-initial vc_row-o-equal-height vc_row-flex\"><div class=\"wpb_column vc_column_container vc_col-sm-3\"><div class=\"vc_column-inner\"><div class=\"wpb_wrapper\">\n\t<div  class=\"wpb_single_image wpb_content_element vc_align_center  wpb_animate_when_almost_visible wpb_top-to-bottom top-to-bottom\">\n\t\t\n\t\t<figure class=\"wpb_wrapper vc_figure\">\n\t\t\t<a href=\"https:\/\/macromike.visual-website.fr\" target=\"_self\" class=\"vc_single_image-wrapper vc_box_circle  vc_box_border_grey\" rel=\"noopener\"><img loading=\"lazy\" decoding=\"async\" class=\"vc_single_image-img \" src=\"https:\/\/www.visual-photographie.fr\/wp-content\/uploads\/2021\/04\/Miniature-MacroMike.jpg\" width=\"200\" height=\"200\" alt=\"Miniature MacroMike\" title=\"Miniature MacroMike\" \/><\/a>\n\t\t<\/figure>\n\t<\/div>\n<h4 style=\"font-size: 22px;color: #3a3a3a;line-height: 1.2;text-align: center;font-family:Montserrat;font-weight:400;font-style:normal\" class=\"vc_custom_heading\" >Galerie de Photographe<\/h4>\n\t<div class=\"wpb_text_column wpb_content_element  vc_custom_1619259103453\" >\n\t\t<div class=\"wpb_wrapper\">\n\t\t\t<p style=\"text-align: center;\"><em>MacroMike<\/em><\/p>\n\n\t\t<\/div>\n\t<\/div>\n\n\t<div class=\"wpb_text_column wpb_content_element \" >\n\t\t<div class=\"wpb_wrapper\">\n\t\t\t<p>Batiment enti\u00e8rement cr\u00e9\u00e9 en 3D, permettant d&#8217;h\u00e9berger des oeuvres (Photos, Vid\u00e9os, Peintures, &#8230;) ou de cr\u00e9er un salon d&#8217;artisan par exemple.<\/p>\n\n\t\t<\/div>\n\t<\/div>\n<\/div><\/div><\/div><div class=\"wpb_column vc_column_container vc_col-sm-3\"><div class=\"vc_column-inner\"><div class=\"wpb_wrapper\">\n\t<div  class=\"wpb_single_image wpb_content_element vc_align_center  wpb_animate_when_almost_visible wpb_top-to-bottom top-to-bottom\">\n\t\t\n\t\t<figure class=\"wpb_wrapper vc_figure\">\n\t\t\t<a href=\"http:\/\/360.visual-photographie.fr\/jl\/\" target=\"_self\" class=\"vc_single_image-wrapper vc_box_circle  vc_box_border_grey\"><img loading=\"lazy\" decoding=\"async\" class=\"vc_single_image-img \" src=\"https:\/\/www.visual-photographie.fr\/wp-content\/uploads\/2021\/04\/Miniature-Parc-de-Sainte-Croix.jpg\" width=\"200\" height=\"200\" alt=\"Miniature Parc de Sainte Croix\" title=\"Miniature Parc de Sainte Croix\" \/><\/a>\n\t\t<\/figure>\n\t<\/div>\n<h4 style=\"font-size: 22px;color: #3a3a3a;line-height: 1.2;text-align: center;font-family:Montserrat;font-weight:400;font-style:normal\" class=\"vc_custom_heading\" >Immobilier\/Tourisme<\/h4>\n\t<div class=\"wpb_text_column wpb_content_element  vc_custom_1619259213958\" >\n\t\t<div class=\"wpb_wrapper\">\n\t\t\t<p style=\"text-align: center;\"><em>Parc de Sainte Croix<\/em><\/p>\n\n\t\t<\/div>\n\t<\/div>\n\n\t<div class=\"wpb_text_column wpb_content_element \" >\n\t\t<div class=\"wpb_wrapper\">\n\t\t\t<p style=\"text-align: center;\">Mettre en valeur vos h\u00e9bergements, vos g\u00eetes, ou tout autre b\u00e2timents, recevant du public. Nous r\u00e9alisons l&#8217;interface en fonction de votre charte graphique.<\/p>\n\n\t\t<\/div>\n\t<\/div>\n<\/div><\/div><\/div><div class=\"wpb_column vc_column_container vc_col-sm-3\"><div class=\"vc_column-inner\"><div class=\"wpb_wrapper\">\n\t<div  class=\"wpb_single_image wpb_content_element vc_align_center  wpb_animate_when_almost_visible wpb_top-to-bottom top-to-bottom\">\n\t\t\n\t\t<figure class=\"wpb_wrapper vc_figure\">\n\t\t\t<div class=\"vc_single_image-wrapper vc_box_circle  vc_box_border_grey\"><img loading=\"lazy\" decoding=\"async\" class=\"vc_single_image-img \" src=\"https:\/\/www.visual-photographie.fr\/wp-content\/uploads\/2021\/04\/Miniature-Matzenheim.jpg\" width=\"200\" height=\"200\" alt=\"Miniature Matzenheim\" title=\"Miniature Matzenheim\" \/><\/div>\n\t\t<\/figure>\n\t<\/div>\n<h4 style=\"font-size: 22px;color: #3a3a3a;line-height: 1.2;text-align: center;font-family:Montserrat;font-weight:400;font-style:normal\" class=\"vc_custom_heading\" >Local\/Etablissement.<\/h4>\n\t<div class=\"wpb_text_column wpb_content_element  vc_custom_1619259336230\" >\n\t\t<div class=\"wpb_wrapper\">\n\t\t\t<p style=\"text-align: center;\"><em>Coll\u00e8ge de Matzenheim<\/em><\/p>\n\n\t\t<\/div>\n\t<\/div>\n\n\t<div class=\"wpb_text_column wpb_content_element \" >\n\t\t<div class=\"wpb_wrapper\">\n\t\t\t<p style=\"text-align: center;\">Cr\u00e9ation d&#8217;une visite virtuelle afin de permettre aux gens de visiter les locaux, et de prendre la mesure des lieux. Mise en place de Widgets pour les informations \u00e0 diffuser aux visiteurs.<\/p>\n\n\t\t<\/div>\n\t<\/div>\n<\/div><\/div><\/div><div class=\"wpb_column vc_column_container vc_col-sm-3\"><div class=\"vc_column-inner\"><div class=\"wpb_wrapper\">\n\t<div  class=\"wpb_single_image wpb_content_element vc_align_center  wpb_animate_when_almost_visible wpb_top-to-bottom top-to-bottom\">\n\t\t\n\t\t<figure class=\"wpb_wrapper vc_figure\">\n\t\t\t<a href=\"http:\/\/habsbourg.visual-website.fr\" target=\"_self\" class=\"vc_single_image-wrapper vc_box_circle  vc_box_border_grey\" rel=\"noopener\"><img loading=\"lazy\" decoding=\"async\" class=\"vc_single_image-img \" src=\"https:\/\/www.visual-photographie.fr\/wp-content\/uploads\/2021\/04\/Miniature-Habsbourg.jpg\" width=\"200\" height=\"200\" alt=\"Miniature Habsbourg\" title=\"Miniature Habsbourg\" \/><\/a>\n\t\t<\/figure>\n\t<\/div>\n<h4 style=\"font-size: 22px;color: #3a3a3a;line-height: 1.2;text-align: center;font-family:Montserrat;font-weight:400;font-style:normal\" class=\"vc_custom_heading\" >Visites Techniques<\/h4>\n\t<div class=\"wpb_text_column wpb_content_element  vc_custom_1619259476123\" >\n\t\t<div class=\"wpb_wrapper\">\n\t\t\t<p style=\"text-align: center;\"><em>Via Habsbourg<\/em><\/p>\n\n\t\t<\/div>\n\t<\/div>\n\n\t<div class=\"wpb_text_column wpb_content_element \" >\n\t\t<div class=\"wpb_wrapper\">\n\t\t\t<p style=\"text-align: center;\">Des visites virtuelles reprenant un tr\u00e8s haut niveau de d\u00e9tail (1200Mpx soit 1000 smartphones) a des fins d&#8217;archives.<\/p>\n\n\t\t<\/div>\n\t<\/div>\n<\/div><\/div><\/div><\/div>\n","protected":false},"excerpt":{"rendered":"Mettre en valeur votre \u00e9tablissement, par une visite virtuelle Actuellement, au vue du contexte sanitaire, privil\u00e9gier le virtuel est une des pistes vous permettant de continuer \u00e0 travailler dans des...","protected":false},"author":1,"featured_media":0,"parent":0,"menu_order":0,"comment_status":"closed","ping_status":"closed","template":"","meta":{"om_disable_all_campaigns":false,"_monsterinsights_skip_tracking":false,"_monsterinsights_sitenote_active":false,"_monsterinsights_sitenote_note":"","_monsterinsights_sitenote_category":0,"_uf_show_specific_survey":0,"_uf_disable_surveys":false,"footnotes":""},"folder":[],"_links":{"self":[{"href":"https:\/\/www.visual-photographie.fr\/index.php\/wp-json\/wp\/v2\/pages\/3996"}],"collection":[{"href":"https:\/\/www.visual-photographie.fr\/index.php\/wp-json\/wp\/v2\/pages"}],"about":[{"href":"https:\/\/www.visual-photographie.fr\/index.php\/wp-json\/wp\/v2\/types\/page"}],"author":[{"embeddable":true,"href":"https:\/\/www.visual-photographie.fr\/index.php\/wp-json\/wp\/v2\/users\/1"}],"replies":[{"embeddable":true,"href":"https:\/\/www.visual-photographie.fr\/index.php\/wp-json\/wp\/v2\/comments?post=3996"}],"version-history":[{"count":27,"href":"https:\/\/www.visual-photographie.fr\/index.php\/wp-json\/wp\/v2\/pages\/3996\/revisions"}],"predecessor-version":[{"id":77215,"href":"https:\/\/www.visual-photographie.fr\/index.php\/wp-json\/wp\/v2\/pages\/3996\/revisions\/77215"}],"wp:attachment":[{"href":"https:\/\/www.visual-photographie.fr\/index.php\/wp-json\/wp\/v2\/media?parent=3996"}],"wp:term":[{"taxonomy":"folder","embeddable":true,"href":"https:\/\/www.visual-photographie.fr\/index.php\/wp-json\/wp\/v2\/folder?post=3996"}],"curies":[{"name":"wp","href":"https:\/\/api.w.org\/{rel}","templated":true}]}}