{"id":73970,"date":"2021-04-22T17:49:54","date_gmt":"2021-04-22T15:49:54","guid":{"rendered":"https:\/\/www.visual-photographie.fr\/?page_id=73970"},"modified":"2026-04-08T09:45:23","modified_gmt":"2026-04-08T07:45:23","slug":"accueil2","status":"publish","type":"page","link":"https:\/\/www.visual-photographie.fr\/","title":{"rendered":"Accueil"},"content":{"rendered":"<div class=\"vc_row wpb_row vc_row-fluid gt-background-position-initial gt-background-attachment-initial\"><div class=\"wpb_column vc_column_container vc_col-sm-12\"><div class=\"vc_column-inner\"><div class=\"wpb_wrapper\"><div class=\"gt-showcase gt-showcase--5\" style=\"height: 100vh;\"><div class=\"gt-slider gt-slider--overlay\" style=\"height: 100vh;\"><div class=\"swiper-container gt-slider-container\" data-gt-speed=\"1000\" data-gt-loop=\"true\" data-gt-direction=\"horizontal\" data-gt-item=\"4\" data-gt-item-space=\"0\" data-gt-centered-slides=\"true\" data-gt-parallax=\"true\" data-gt-effect=\"coverflow\" data-gt-grab-cursor=\"true\" data-gt-lazy-loading=\"false\"><div class=\"swiper-wrapper\"><div class=\"swiper-slide\" data-swiper-autoplay=\"1500\"><div class=\"gt-overlay\" style=\"background-color:#191919; opacity:0;\"><\/div><div class=\"gt-slider__image gt-background-position-default gt-background-attachment-default gt-background-size-default gt-background-repeat-default\" style=\"background-image: url(https:\/\/www.visual-photographie.fr\/wp-content\/uploads\/2021\/04\/CN2A1279-750x750.jpg)\"><\/div><div class=\"gt-slider__content\"><div class=\"gt-showcase__caption\"><span>Suivi de chantier, inspections a\u00e9riennes, photogramm\u00e9trie<\/span><h2>Drone &amp; Photographie Technique pour le BTP<\/h2><a href=\"https:\/\/www.visual-photographie.fr\/index.php\/prise_de_vue_aerienne\/\" title=\"Nos prestations Drone\" target=\"_parent\" class=\"gt-btn\">Nos prestations Drone<\/a><\/div><\/div><\/div><div class=\"swiper-slide\" data-swiper-autoplay=\"1500\"><div class=\"gt-overlay\" style=\"background-color:#191919; opacity:0;\"><\/div><div class=\"gt-slider__image gt-background-position-center-center gt-background-attachment-default gt-background-size-default gt-background-repeat-default\" style=\"background-image: url(https:\/\/www.visual-photographie.fr\/wp-content\/uploads\/2019\/11\/20190830-Visual-Photographie-2-2000x3000-750x750.jpg)\"><\/div><div class=\"gt-slider__content\"><div class=\"gt-showcase__caption\"><span>Centres commerciaux, h\u00f4tels, patrimoine industriel<\/span><h2>Visites Virtuelles 360\u00b0 Haute Valeur<\/h2><a href=\"https:\/\/www.visual-photographie.fr\/index.php\/360-vr\/\" title=\"Visite Virtuelle\" target=\"_parent\" class=\"gt-btn\">Visite Virtuelle<\/a><\/div><\/div><\/div><\/div><div class=\"gt-slider__controls gt-slider__controls--2\"><div class=\"gt-slider__prev\"><div class=\"gt-icon\"><svg width=\"16\" height=\"16\" xmlns=\"http:\/\/www.w3.org\/2000\/svg\"><path d=\"M3.414 7l5.293-5.293A1 1 0 0 0 7.293.293l-7 7a1 1 0 0 0 0 1.414l7 7a1 1 0 1 0 1.414-1.414L3.414 9H15a1 1 0 0 0 0-2H3.414z\" fill=\"#000\" fill-rule=\"nonzero\"\/><\/svg><\/div><\/div><div class=\"gt-slider__pagination\"><\/div><div class=\"gt-slider__next\"><div class=\"gt-icon\"><svg width=\"16\" height=\"16\" xmlns=\"http:\/\/www.w3.org\/2000\/svg\"><path d=\"M12.586 9l-5.293 5.293a1 1 0 0 0 1.414 1.414l7-7a1 1 0 0 0 0-1.414l-7-7a1 1 0 0 0-1.414 1.414L12.586 7H1a1 1 0 0 0 0 2h11.586z\" fill=\"#000\" fill-rule=\"nonzero\"\/><\/svg><\/div><\/div><\/div><\/div><\/div><\/div><\/div><\/div><\/div><\/div><div class=\"vc_row wpb_row vc_row-fluid gt-background-position-initial gt-background-attachment-initial\"><div class=\"wpb_column vc_column_container vc_col-sm-12\"><div class=\"vc_column-inner\"><div class=\"wpb_wrapper\"><div class=\"gt-page-title gt-light gt-center\"><h1>Photographe Technique &amp; T\u00e9l\u00e9pilote Drone<\/h1><p class=\"lead\">BTP | Industrie | Chantier \u2014 Strasbourg &amp; Grand Est<\/p><div class=\"gt-line gt-line--short\"><\/div><p class=\"small\">Sp\u00e9cialiste de l&#039;image technique au service des professionnels du b\u00e2timent et de l&#039;industrie. Drone, photogramm\u00e9trie, LiDAR, visites virtuelles 360\u00b0 et reportages \u00e9v\u00e9nementiels.<\/p><\/div><\/div><\/div><\/div><\/div><div class=\"vc_row wpb_row vc_row-fluid gt-background-position-initial gt-background-attachment-initial\"><div class=\"wpb_column vc_column_container vc_col-sm-4\"><div class=\"vc_column-inner\"><div class=\"wpb_wrapper\">\n\t<div class=\"wpb_text_column wpb_content_element \" >\n\t\t<div class=\"wpb_wrapper\">\n\t\t\t<h3 style=\"text-align: center;\">Drone &amp; Prises de Vue A\u00e9riennes<\/h3>\n<p style=\"text-align: center;\">Suivi de chantier, inspections d&#8217;ouvrages, photographies a\u00e9riennes HD pour vos projets BTP et industriels.<\/p>\n<p style=\"text-align: center;\"><a href=\"\/index.php\/prise_de_vue_aerienne\/\">En savoir plus \u2192<\/a><\/p>\n\n\t\t<\/div>\n\t<\/div>\n<\/div><\/div><\/div><div class=\"wpb_column vc_column_container vc_col-sm-4\"><div class=\"vc_column-inner\"><div class=\"wpb_wrapper\">\n\t<div class=\"wpb_text_column wpb_content_element \" >\n\t\t<div class=\"wpb_wrapper\">\n\t\t\t<h3 style=\"text-align: center;\">Photogramm\u00e9trie &amp; LiDAR<\/h3>\n<p style=\"text-align: center;\">Mod\u00e9lisation 3D, nuages de points, orthophotos et mesures de pr\u00e9cision pour le contr\u00f4le et le suivi de vos ouvrages.<\/p>\n<p style=\"text-align: center;\"><a href=\"\/index.php\/domaine-dapplication-par-photogrametrie\/\">En savoir plus \u2192<\/a><\/p>\n\n\t\t<\/div>\n\t<\/div>\n<\/div><\/div><\/div><div class=\"wpb_column vc_column_container vc_col-sm-4\"><div class=\"vc_column-inner\"><div class=\"wpb_wrapper\">\n\t<div class=\"wpb_text_column wpb_content_element \" >\n\t\t<div class=\"wpb_wrapper\">\n\t\t\t<h3 style=\"text-align: center;\">Visites Virtuelles 360\u00b0<\/h3>\n<p style=\"text-align: center;\">Visites immersives haute qualit\u00e9 pour centres commerciaux, h\u00f4tels, sites industriels et patrimoine b\u00e2ti.<\/p>\n<p style=\"text-align: center;\"><a href=\"\/index.php\/360-vr\/\">En savoir plus \u2192<\/a><\/p>\n\n\t\t<\/div>\n\t<\/div>\n<\/div><\/div><\/div><\/div><div class=\"vc_row wpb_row vc_row-fluid gt-background-position-initial gt-background-attachment-initial\"><div class=\"wpb_column vc_column_container vc_col-sm-4\"><div class=\"vc_column-inner\"><div class=\"wpb_wrapper\">\n\t<div class=\"wpb_text_column wpb_content_element \" >\n\t\t<div class=\"wpb_wrapper\">\n\t\t\t<h3 style=\"text-align: center;\">Cadrage Vid\u00e9o &amp; Production<\/h3>\n<p style=\"text-align: center;\">Cadreur professionnel pour les soci\u00e9t\u00e9s de production. Captation vid\u00e9o terrain, reportages corporate et industriels.<\/p>\n<p style=\"text-align: center;\"><a href=\"\/index.php\/cadreur-pour-les-medias\/\">En savoir plus \u2192<\/a><\/p>\n\n\t\t<\/div>\n\t<\/div>\n<\/div><\/div><\/div><div class=\"wpb_column vc_column_container vc_col-sm-4\"><div class=\"vc_column-inner\"><div class=\"wpb_wrapper\">\n\t<div class=\"wpb_text_column wpb_content_element \" >\n\t\t<div class=\"wpb_wrapper\">\n\t\t\t<h3 style=\"text-align: center;\">TimeLapse Chantier<\/h3>\n<p style=\"text-align: center;\">Suivi photographique longue dur\u00e9e de vos chantiers. Solution autonome de time-lapse professionnel.<\/p>\n<p style=\"text-align: center;\"><a href=\"https:\/\/www.visual-laps.fr\/\" target=\"_blank\" rel=\"noopener\">D\u00e9couvrir Visual Laps \u2192<\/a><\/p>\n\n\t\t<\/div>\n\t<\/div>\n<\/div><\/div><\/div><div class=\"wpb_column vc_column_container vc_col-sm-4\"><div class=\"vc_column-inner\"><div class=\"wpb_wrapper\">\n\t<div class=\"wpb_text_column wpb_content_element \" >\n\t\t<div class=\"wpb_wrapper\">\n\t\t\t<h3 style=\"text-align: center;\">Reportage \u00c9v\u00e9nementiel<\/h3>\n<p style=\"text-align: center;\">Couverture photo et vid\u00e9o de vos \u00e9v\u00e9nements professionnels : inaugurations, salons, conf\u00e9rences, s\u00e9minaires.<\/p>\n<p style=\"text-align: center;\"><a href=\"\/index.php\/evenementiel\/\">En savoir plus \u2192<\/a><\/p>\n\n\t\t<\/div>\n\t<\/div>\n<\/div><\/div><\/div><\/div><div class=\"vc_row wpb_row vc_row-fluid gt-background-position-initial gt-background-attachment-initial\"><div class=\"wpb_column vc_column_container vc_col-sm-12\"><div class=\"vc_column-inner\"><div class=\"wpb_wrapper\"><div class=\"gt-page-title gt-light gt-center\"><h1>Ils nous font confiance<\/h1><p class=\"small\">Entreprises du BTP, promoteurs immobiliers, collectivit\u00e9s, soci\u00e9t\u00e9s de production \u2014 nous accompagnons les professionnels dans leurs besoins en image technique depuis Strasbourg et sur tout le Grand Est.<\/p><\/div><\/div><\/div><\/div><\/div>\n","protected":false},"excerpt":{"rendered":"Suivi de chantier, inspections a\u00e9riennes, photogramm\u00e9trieDrone &amp; Photographie Technique pour le BTPNos prestations DroneCentres commerciaux, h\u00f4tels, patrimoine industrielVisites Virtuelles 360\u00b0 Haute ValeurVisite VirtuellePhotographe Technique &amp; T\u00e9l\u00e9pilote DroneBTP | Industrie |...","protected":false},"author":1,"featured_media":0,"parent":0,"menu_order":0,"comment_status":"closed","ping_status":"closed","template":"","meta":{"om_disable_all_campaigns":false,"_monsterinsights_skip_tracking":false,"_monsterinsights_sitenote_active":false,"_monsterinsights_sitenote_note":"","_monsterinsights_sitenote_category":0,"_uf_show_specific_survey":0,"_uf_disable_surveys":false,"footnotes":""},"folder":[],"_links":{"self":[{"href":"https:\/\/www.visual-photographie.fr\/index.php\/wp-json\/wp\/v2\/pages\/73970"}],"collection":[{"href":"https:\/\/www.visual-photographie.fr\/index.php\/wp-json\/wp\/v2\/pages"}],"about":[{"href":"https:\/\/www.visual-photographie.fr\/index.php\/wp-json\/wp\/v2\/types\/page"}],"author":[{"embeddable":true,"href":"https:\/\/www.visual-photographie.fr\/index.php\/wp-json\/wp\/v2\/users\/1"}],"replies":[{"embeddable":true,"href":"https:\/\/www.visual-photographie.fr\/index.php\/wp-json\/wp\/v2\/comments?post=73970"}],"version-history":[{"count":19,"href":"https:\/\/www.visual-photographie.fr\/index.php\/wp-json\/wp\/v2\/pages\/73970\/revisions"}],"predecessor-version":[{"id":73995,"href":"https:\/\/www.visual-photographie.fr\/index.php\/wp-json\/wp\/v2\/pages\/73970\/revisions\/73995"}],"wp:attachment":[{"href":"https:\/\/www.visual-photographie.fr\/index.php\/wp-json\/wp\/v2\/media?parent=73970"}],"wp:term":[{"taxonomy":"folder","embeddable":true,"href":"https:\/\/www.visual-photographie.fr\/index.php\/wp-json\/wp\/v2\/folder?post=73970"}],"curies":[{"name":"wp","href":"https:\/\/api.w.org\/{rel}","templated":true}]}}